hat is -1745040 - -1?
-174503c
In base 4, what is 10 - -133033211?
133033221
In base 5, what is 2331 - 12322?
-4441
In base 6, what is -13050 - -50?
-13000
In base 12, what is -4237 + 2?
-4235
In base 3, what is 1122121022 - -1000?
1122122022
In base 4, what is -1 + -1203321?
-1203322
In base 11, what is 3 + 3331?
3334
In base 10, what is 121 - 440?
-319
In base 2, what is -10000 + 111101100101?
111101010101
In base 4, what is -133 - 210113?
-210312
In base 5, what is 411424 - 10?
411414
In base 15, what is 1bd - 15?
1a8
In base 5, what is 11 + -14412404?
-14412343
In base 13, what is 0 - 1cb81?
-1cb81
In base 7, what is 13 - -664?
1010
In base 12, what is -1900 + -510?
-2210
In base 12, what is 17996 + 138?
17b12
In base 7, what is 10 - -356154?
356164
In base 4, what is -1231320 - 20?
-1232000
In base 4, what is 333 - -13021?
20020
In base 8, what is -1 - -25015?
25014
In base 3, what is -10212 - -12212?
2000
In base 6, what is -25541 - -141?
-25400
In base 6, what is 24 - 3140?
-3112
In base 11, what is 5 - aa37?
-aa32
In base 11, what is -174 - -6871?
66a8
In base 5, what is 32000111 + 11?
32000122
In base 14, what is -4 + -1d94c?
-1d952
In base 13, what is -158 - 12?
-16a
In base 12, what is 22 - 78?
-56
In base 5, what is -1 + -141421441?
-141421442
In base 5, what is 40 + 3310304?
3310344
In base 13, what is -4ab + 27?
-484
In base 8, what is -26 - 7161?
-7207
In base 12, what is -26801 - 1?
-26802
In base 8, what is 5 + 15101?
15106
In base 2, what is 110101011 - 101111111?
101100
In base 6, what is -3302 - -11041?
3335
In base 8, what is -61 - -25501?
25420
In base 4, what is 10 + -103230?
-103220
In base 12, what is 36ab2 - 27?
36a87
In base 8, what is 432 + -2612?
-2160
In base 3, what is 21 - 10102100?
-10102002
In base 7, what is -53 + 226125?
226042
In base 14, what is -7 - 29dca?
-29dd3
In base 7, what is 165 - -42?
240
In base 13, what is 142c8 + 4?
142cc
In base 5, what is -1111 - 10323?
-11434
In base 7, what is 166 - -1235?
1434
In base 13, what is 5 + b657?
b65c
In base 2, what is -101 + -111110110000?
-111110110101
In base 9, what is -4 + -54145?
-54150
In base 11, what is 72 + -7?
66
In base 3, what is -10 + -11021122?
-11021202
In base 4, what is -1022 - -122302?
121220
In base 10, what is -25 + 603?
578
In base 10, what is 46 - -10267?
10313
In base 2, what is -11010 + 111111001101101?
111111001010011
In base 16, what is -24e7 - 2c?
-2513
In base 13, what is -44 + -33a6?
-341a
In base 2, what is -100010 - 10000000100110?
-10000001001000
In base 5, what is -30 - 1000331?
-1000411
In base 9, what is -620 + 146?
-463
In base 13, what is 1bc737 + -3?
1bc734
In base 3, what is -110122012120 + 11?
-110122012102
In base 15, what is 5 + c88a?
c890
In base 11, what is -15620 + -1?
-15621
In base 8, what is 3 - 42740?
-42735
In base 8, what is -51 - -3645?
3574
In base 2, what is 1010001001 + -1011001?
1000110000
In base 5, what is 32 - 224403?
-224321
In base 10, what is -7 + 25874?
25867
In base 3, what is -100110 + 100102?
-1
In base 8, what is -2 + 225141?
225137
In base 15, what is 10 + 1426?
1436
In base 9, what is -50 + -34488?
-34548
In base 2, what is -1 - -1011111011100101?
1011111011100100
In base 11, what is -1311 + 86?
-1236
In base 7, what is 136 + 13031?
13200
In base 14, what is 2491 - -5?
2496
In base 6, what is 223312 + 1?
223313
In base 5, what is 10 + 20320334?
20320344
In base 15, what is 4 - -8bc3?
8bc7
In base 7, what is -501250 - 1?
-501251
In base 11, what is 199 - -a5?
293
In base 9, what is -804027 - 0?
-804027
In base 5, what is 32233301 - 4?
32233242
In base 7, what is -306 - 24132?
-24441
In base 2, what is -100110011 - -100110?
-100001101
In base 8, what is 175 - 556?
-361
In base 3, what is -20010122 + -21?
-20010220
In base 11, what is 6a - 2917?
-2858
In base 14, what is -2 + 303c?
303a
In base 2, what is 1001010101011101010000 - -101?
1001010101011101010101
In base 7, what is 144451 - -3?
144454
In base 14, what is -107 - 16c?
-275
In base 11, what is -806 + 1a8?
-609
In base 7, what is -23 + 5252?
5226
In base 5, what is 0 + -234410?
-234410
In base 7, what is 1 - -320023?
320024
In base 8, what is 0 - -1004160?
1004160
In base 6, what is -30 + 11?
-15
In base 15, what is -1126e - -4?
-1126a
In base 11, what is 32 - -7a36a?
7a3a1
In base 9, what is -632 - -1147?
415
In base 5, what is 1334442 + -4?
1334433
In base 5, what is 2121111 + 1?
2121112
In base 10, what is 3 - 1436909?
-1436906
In base 7, what is -3 + 315454?
315451
In base 10, what is -19592 + 5?
-19587
In base 9, what is -2 - -611?
608
In base 11, what is 12a + 16120?
1624a
In base 6, what is 5 + 20224031?
20224040
In base 4, what is 10322001222 + 0?
10322001222
In base 10, what is 12 - -71681?
71693
In base 2, what is 11101010111001101 + 1?
11101010111001110
In base 16, what is 30c0c4 + -5?
30c0bf
In base 5, what is -41332 - -11?
-41321
In base 10, what is 44 - -530?
574
In base 10, what is 4 - 943383?
-943379
In base 7, what is 6143 + 20?
6163
In base 8, what is 1747 - -17?
1766
In base 11, what is 3 + 24392?
24395
In base 8, what is -5542 + -11?
-5553
In base 12, what is 1 + -170?
-16b
In base 5, what is -11011341 + -4?
-11011400
In base 2, what is 100111001011 - 10101100?
100100011111
In base 10, what is 7570 + 143?
7713
In base 16, what is 1 - -8bf1?
8bf2
In base 10, what is 113714 + 0?
113714
In base 4, what is 3 + -3122223?
-3122220
In base 10, what is 0 - 548717?
-548717
In base 10, what is 316 + 3059?
3375
In base 11, what is 640 + 7a?
70a
In base 16, what is -1359 + d?
-134c
In base 4, what is -121 + -1313201?
-1313322
In base 16, what is -381 + 57?
-32a
In base 15, what is -d - d17a?
-d188
In base 9, what is -7 - 268273?
-268281
In base 14, what is -33 + 176c?
1739
In base 16, what is 248 + -2f?
219
In base 12, what is -1 - 22650?
-22651
In base 9, what is -71 + 626?
545
In base 10, what is -2 - -91973?
91971
In base 11, what is 247 + 23?
26a
In base 11, what is 3893 + a9?
3991
In base 7, what is 5 + 123400?
123405
In base 16, what is -d - -1a43f?
1a432
In base 13, what is 6 + 3748?
3751
In base 10, what is 11 + -417768?
-417757
In base 10, what is -1715 - 363?
-2078
In base 16, what is 4 + da84b?
da84f
In base 5, what is -122 - -1401?
1224
In base 8, what is -5 + 202561?
202554
In base 14, what is 0 + 156?
156
In base 8, what is 27 - -1145?
1174
In base 7, what is -316 + -1203?
-1522
In base 12, what is -2 + 11959?
11957
In base 5, what is -3 + -10110113?
-10110121
In base 9, what is 78011 + -7?
78003
In base 9, what is -516280 + 2?
-516277
In base 13, what is -34c - 32?
-381
In base 2, what is 101001 - 1000101111101100?
-1000101111000011
In base 4, what is 12121132 - -1030?
12122222
In base 14, what is 5 + 194440?
194445
In base 11, what is -2 - 8210?
-8212
In base 15, what is -2 + -2bdc?
-2bde
In base 14, what is -1a146 + -3?
-1a149
In base 5, what is -11241143 - -1?
-11241142
In base 11, what is -4 + 39734?
39730
In base 2, what is 100011110100 - 10010101?
100001011111
In base 14, what is 3507 - -b?
3514
In base 8, what is 5 + -622716?
-622711
In base 12, what is -31 - 475b?
-4790
In base 8, what is 244 - -30443?
30707
In base 2, what is -100100101100 - -11011?
-100100010001
In base 14, what is 755 + 11?
766
In base 6, what is 404 + -11001?
-10153
In base 5, what is -2100230 - 23?
-2100303
In base 2, what is 11001011011 + -11111011?
10101100000
In base 4, what is 2 - 211102213?
-211102211
In base 6, what is 453524 - 2?
453522
In base 4, what is 323230 + 232?
330122
In base 13, what is -45356 - 3?
-45359
In base 4, what is 2203223 - 203?
2203020
In base 3, what is 21021 - -21021?
112112
In base 7, what is 5 - 134661?
-134653
In base 13, what is -744 - 3c?
-783
In base 13, what is b9276 - -4?
b927a
In base 15, what is -6 - -844?
83d
In base 7, what is 100360 + 2?
100362
In base 15, what is 567 - -8?
570
In base 15, what is -170 + -2?
-172
In base 8, what is 2 - -5651?
5653
In base 15, what is 238 - 37?
201
In base 9, what is -3281 + 12?
-3268
In base 13, what is 17 - 1c05?
-1bbb
In base 2, what is -11000 + 1001100000010?
1001011101010
In base 13, what is 293c5 - 1?
293c4
In base 9, what is 12 - 54607?
-54585
In base 3, what is -1102 + -1212211101?
-1212212210
In base 9, what is -12354631 + -4?
-12354635
In base 11, 